test common factor of 63 and 42.
21
Calculate the highest common divisor of 45 and 1170.
45
What is the highest common divisor of 10255 and 105?
35
What is the highest common divisor of 23 and 736?
23
Calculate the highest common factor of 252 and 216.
36
What is the highest common factor of 210 and 150?
30
What is the greatest common factor of 2553 and 138?
69
Calculate the highest common factor of 3987 and 3101.
443
Calculate the greatest common factor of 186 and 294.
6
Calculate the greatest common factor of 28 and 217.
7
Calculate the greatest common divisor of 2359 and 28.
7
What is the greatest common divisor of 39693 and 131?
131
What is the greatest common divisor of 49 and 637?
49
Calculate the greatest common divisor of 65 and 88985.
65
What is the greatest common factor of 950 and 38?
38
What is the greatest common factor of 144 and 252?
36
Calculate the greatest common divisor of 1199 and 11.
11
What is the highest common factor of 35 and 755?
5
What is the greatest common factor of 1360 and 22576?
272
What is the highest common divisor of 43 and 1376?
43
What is the highest common factor of 576 and 104?
8
Calculate the greatest common factor of 976 and 8.
8
Calculate the greatest common factor of 72 and 1269.
9
Calculate the greatest common divisor of 6498 and 90.
18
What is the greatest common factor of 108 and 120?
12
Calculate the highest common factor of 75 and 325.
25
Calculate the highest common factor of 40 and 35.
5
Calculate the highest common divisor of 68 and 24.
4
Calculate the highest common divisor of 34 and 8534.
34
Calculate the greatest common divisor of 56 and 4984.
56
What is the highest common factor of 46 and 115?
23
What is the highest common divisor of 7392 and 24?
24
What is the greatest common factor of 99 and 144?
9
Calculate the highest common factor of 7 and 3.
1
Calculate the greatest common divisor of 228 and 9.
3
What is the highest common divisor of 29 and 116?
29
Calculate the highest common divisor of 11158 and 56.
14
What is the highest common divisor of 854 and 91?
7
Calculate the greatest common divisor of 15884 and 152.
76
Calculate the greatest common divisor of 2805 and 110.
55
Calculate the highest common factor of 102 and 30.
6
Calculate the greatest common divisor of 118 and 590.
118
What is the highest common factor of 1 and 2720?
1
Calculate the highest common divisor of 162 and 270.
54
What is the highest common factor of 1354 and 2?
2
Calculate the greatest common factor of 8 and 1096.
8
Calculate the greatest common divisor of 344 and 6493.
43
What is the highest common divisor of 4 and 1470?
2
What is the greatest common factor of 54 and 1422?
18
Calculate the greatest common divisor of 1740 and 315.
15
Calculate the greatest common factor of 153 and 391.
17
Calculate the greatest common divisor of 42 and 322.
14
Calculate the highest common divisor of 12077 and 13.
13
Calculate the highest common factor of 76 and 5662.
38
What is the greatest common divisor of 220 and 55?
55
Calculate the greatest common divisor of 25 and 175.
25
What is the greatest common divisor of 37 and 8251?
37
Calculate the highest common divisor of 3 and 303.
3
Calculate the greatest common divisor of 39 and 78.
39
Calculate the highest common factor of 148 and 8.
4
What is the greatest common factor of 50 and 135?
5
Calculate the greatest common factor of 68 and 340.
68
What is the greatest common factor of 30492 and 132?
132
Calculate the highest common factor of 53774 and 161.
161
Calculate the highest common factor of 22 and 1859.
11
What is the greatest common divisor of 22 and 132?
22
Calculate the highest common factor of 40 and 190.
10
Calculate the greatest common factor of 105 and 1875.
15
What is the greatest common divisor of 98 and 14?
14
Calculate the greatest common factor of 2739 and 594.
33
What is the greatest common factor of 60 and 12?
12
Calculate the highest common factor of 1961 and 74.
37
What is the highest common factor of 90 and 570?
30
Calculate the highest common divisor of 1196 and 52.
52
Calculate the highest common divisor of 45 and 585.
45
Calculate the highest common divisor of 260 and 40.
20
Calculate the greatest common factor of 4641 and 42.
21
What is the greatest common factor of 22 and 674?
2
Calculate the greatest common factor of 255 and 408.
51
Calculate the greatest common factor of 6 and 2.
2
What is the highest common factor of 33 and 55?
11
Calculate the highest common factor of 629 and 2220.
37
What is the greatest common factor of 106 and 35086?
106
What is the greatest common divisor of 5032 and 544?
136
Calculate the highest common factor of 270 and 918.
54
Calculate the greatest common factor of 5 and 1355.
5
Calculate the greatest common factor of 16 and 128.
16
Calculate the highest common divisor of 561 and 204.
51
Calculate the greatest common divisor of 87 and 493.
29
What is the greatest common divisor of 10 and 85?
5
What is the highest common factor of 840 and 3?
3
Calculate the highest common divisor of 2809 and 53.
53
What is the highest common divisor of 176 and 32?
16
What is the highest common divisor of 836 and 76?
76
What is the greatest common factor of 651 and 279?
93
Calculate the greatest common divisor of 15 and 735.
15
What is the greatest common factor of 27 and 108?
27
Calculate the highest common factor of 1445 and 4.
1
Calculate the highest common divisor of 52 and 117.
13
What is the greatest common factor of 1450 and 2?
2
What is the greatest common divisor of 15 and 33?
3
Calculate the greatest common factor of 10400 and 130.
130
Calculate the highest common factor of 57 and 141.
3
What is the highest common factor of 44 and 33?
11
What is the highest common divisor of 161 and 168?
7
Calculate the highest common divisor of 28 and 1820.
28
Calculate the highest common divisor of 8 and 628.
4
Calculate the greatest common divisor of 630 and 490.
70
What is the greatest common factor of 63 and 9?
9
Calculate the highest common factor of 57 and 19.
19
What is the highest common factor of 340 and 272?
68
What is the highest common factor of 127 and 10287?
127
What is the greatest common factor of 2 and 15?
1
Calculate the greatest common factor of 12 and 3.
3
What is the greatest common factor of 1952 and 32?
32
What is the highest common factor of 3020 and 20?
20
Calculate the highest common factor of 12 and 636.
12
What is the highest common divisor of 148 and 11470?
74
Calculate the highest common divisor of 2 and 214.
2
Calculate the highest common factor of 273 and 6.
3
What is the greatest common divisor of 1472 and 69?
23
Calculate the highest common divisor of 16 and 72.
8
Calculate the highest common divisor of 135 and 189.
27
What is the highest common divisor of 1591 and 333?
37
Calculate the highest common divisor of 1482 and 2850.
114
Calculate the highest common factor of 22 and 1980.
22
What is the greatest common factor of 602 and 86?
86
Calculate the highest common factor of 43 and 8299.
43
Calculate the highest common divisor of 36 and 108.
36
Calculate the highest common factor of 581 and 14.
7
What is the highest common divisor of 40 and 1540?
20
What is the highest common divisor of 820 and 20?
20
Calculate the highest common factor of 182 and 52.
26
What is the highest common divisor of 6783 and 476?
119
What is the greatest common divisor of 6785 and 46?
23
Calculate the highest common divisor of 1892 and 132.
44
Calculate the greatest common divisor of 48 and 2952.
24
What is the highest common divisor of 6028 and 132?
44
What is the greatest common factor of 35 and 497?
7
Calculate the highest common factor of 80 and 410.
10
Calculate the highest common divisor of 14 and 63.
7
Calculate the highest common divisor of 81 and 1161.
27
What is the greatest common divisor of 69 and 2576?
23
Calculate the highest common divisor of 1824 and 266.
38
What is the highest common divisor of 8 and 8348?
4
What is the greatest common factor of 24 and 2193?
3
What is the highest common divisor of 570 and 3895?
95
What is the highest common factor of 2432 and 3968?
128
Calculate the highest common factor of 48 and 608.
16
What is the greatest common factor of 628 and 471?
157
Calculate the highest common divisor of 608 